)/(-1)*(-1 - -2). Let r = 5 + u. What are the prime factors of 0 + (-2)/2 + r?
11
Suppose -2*c = -61 + 41. What are the prime factors of c?
2, 5
Suppose -3*y - 2*y - 2*p + 167 = 0, p + 4 = 0. What are the prime factors of y?
5, 7
Suppose -4*b = w + 14 - 5, b = 4*w - 15. Let p = b + 15. Suppose p = 4*f - 0*v - v, 5*v = f + 16. What are the prime factors of f?
2
Let g(l) = 3*l + 7. Let c be g(-4). Let f(s) = 7 - 4*s + 5*s**2 - 3*s**2 - 3*s**2. What are the prime factors of f(c)?
2
Suppose -m - 3 = 0, 0 = -4*i + i + 3*m + 72. Let o = i + -10. Let v = o + 0. What are the prime factors of v?
11
Suppose 0*q = 4*q - 3*w - 9, -13 = 2*q - 5*w. Suppose 2*x + 20 = q*x. List the prime factors of x.
5
Let y(l) be the first derivative of -l**4/4 - l**3/3 + 3*l**2/2 - 3*l + 1. Suppose -5*s - 27 = -3*v, -4*v + 9*v - 20 = 0. What are the prime factors of y(s)?
2, 3
Let g = 140 - 80. List the prime factors of g.
2, 3, 5
Let m = -14 - -14. Suppose m = 3*h + 17 - 62. What are the prime factors of h?
3, 5
Let k = 14 - -16. What are the prime factors of k?
2, 3, 5
List the prime factors of -4*((-6)/(-12) + (-61)/4).
59
Let l = 45 - 14. What are the prime factors of l?
31
Let l = 15 + -4. Let v = -6 + l. List the prime factors of v.
5
Let s be 1*((-3 - -1) + 2). Suppose -7*v + 2*v = s. Suppose h - 5*q - 19 = v, -2 - 5 = -4*h - 3*q. What are the prime factors of h?
2
Suppose -5*w - 4*j = -410 - 916, 1056 = 4*w + 2*j. List the prime factors of w.
2, 131
Let g = 18 - -4. Let y(s) = s**2 - 7*s + 2. Let m be y(3). Let q = g + m. What are the prime factors of q?
2, 3
Suppose -95 = -3*g - 2*g. Suppose -g + 3 = -2*b. What are the prime factors of b?
2
Suppose 4*r = 3*c - 29, 0*c + 4*r = 4*c - 32. Suppose -n = -a + 1 + 2, -c*n + 1 = 2*a. Suppose 0 = -h - 3*k + 2, k + 39 = a*h. What are the prime factors of h?
17
Let z be (-2)/(-6)*(2 + 103). Suppose -3*a + 3*i + 10 = 2*a, -2*i + z = 5*a. Suppose -13 = -3*o - j, o + j + a = 12. List the prime factors of o.
3
Let l(f) = 3*f + 88. What are the prime factors of l(0)?
2, 11
Let c(j) = j**3 - 8*j**2 + 3*j - 5. List the prime factors of c(8).
19
Let q = 59 - 35. Suppose -q = -4*h + 4. List the prime factors of h.
7
Let l = -448 - -672. What are the prime factors of l?
2, 7
Let w = 44 + -29. What are the prime factors of w?
3, 5
Let b be (-2)/(-1*1/2). Let o(c) = 4*c + 3. What are the prime factors of o(b)?
19
Let f be (-11)/(-3)*(-3)/1. Suppose -4*c + 105 = c. Let u = c + f. List the prime factors of u.
2, 5
Let f(a) = 2*a - 4. List the prime factors of f(6).
2
Let b(w) = w**2 + 11*w + 29. What are the prime factors of b(-15)?
89
Let c be 0 + (-1)/(1/(-3)). Suppose -4 = -4*i, -c*m = -8*m - 5*i - 1185. What are the prime factors of 10/(-45) + m/(-18)?
13
Let n(d) = d**2 + 7*d - 13. Let m be n(-9). Suppose -2*r + 56 = 4*y, m*r - 2*y - 95 = 3*y. List the prime factors of 2/(-11) - (-268)/r.
2, 3
Suppose 0 = -11*p + 372 + 739. List the prime factors of p.
101
Let u(i) = i + 8. Let b be u(-5). Suppose -3*s = -s + b*q - 37, 0 = -s + 2*q + 36. List the prime factors of s.
2, 13
Let l = 979 - 653. List the prime factors of l.
2, 163
Let f = -11 - -14. Suppose -f*s = -4 - 32. List the prime factors of s.
2, 3
What are the prime factors of (1227/9 - 2) + 5/(-15)?
2, 67
Let n be -1 - -2*(-2)/(-4). Let o = n + -3. What are the prime factors of 35/15 + (-2)/o?
3
Suppose 4*w + 31 = 7. Let h(k) = -k**3 - 6*k**2 - k - 4. Let d be h(w). Suppose 2*y - 26 = -d. What are the prime factors of y?
2, 3
Let u(w) = -13*w - 2. Let n(x) = -27*x - 5. Let i(y) = -2*n(y) + 5*u(y). List the prime factors of i(-2).
2, 11
Let t = -33 - -35. List the prime factors of t.
2
Suppose 490 = 7*w - 2*w. What are the prime factors of w?
2, 7
Suppose -o + 3*o = 5*b - 16, -2*b = o - 10. Suppose 0 = 2*l - 40 + o. What are the prime factors of l?
19
Suppose 2*u = -0*u + 84. Let x be (2/4)/((-7)/u). List the prime factors of (5 - 2)/(x/(-4)).
2
Let a(u) = u - 4. Let g be a(7). Let b be (-98)/(-21) + 1/g. Suppose 24 = 4*s + 4*j, 8 = s - b*j - 28. List the prime factors of s.
11
Let b = 65 + -18. List the prime factors of b.
47
Suppose 4*o - 2 = 2*k, 0*o - 4*o = k - 17. What are the prime factors of o?
3
Suppose -x + g + 2 = 0, 12 = 2*x - 4*g + 6*g. Suppose 0 = 3*l - 4*s - 15 + 2, -2*s = -x*l + 14. List the prime factors of l.
3
Suppose -4*w = -8*w + 276. What are the prime factors of w?
3, 23
Suppose -3*g = s + 5, 5*g + 4 = -2*s - 5. Let c(a) = -a**2 + a + 2. Let m be c(-2). Let w = s - m. What are the prime factors of w?
2
Suppose 0 = -3*c + 5*d + 212 + 346, -c = -d - 188. List the prime factors of c.
191
Suppose 3*l = -m + 3 + 1, 2*m - 8 = -2*l. Let a(y) = y**2 + 9*y - 5. Let v be a(-10). Suppose 15 = -v*c, l = -3*j + 4*j + 3*c + 6. List the prime factors of j.
3
Let r(c) = c**3 + 5*c**2 + 4*c - 2. Let l(s) = s**3 + 4*s**2 + 4*s - 1. Let p(i) = 5*l(i) - 4*r(i). Let m be p(-2). Let a = 18 + m. List the prime factors of a.
5
Let o be (24/9)/((-4)/(-6)). Suppose -2*f = -o - 0. List the prime factors of (-15)/(-2)*f/1.
3, 5
Suppose 0*c = c - 4*g - 21, 0 = 5*c - g - 10. Let l = c + 0. What are the prime factors of (l*-2)/((-2)/7)?
7
Let r = 37 + 7. List the prime factors of r.
2, 11
What are the prime factors of ((-56)/24)/((-2)/36)?
2, 3, 7
Let p = 45 - -12. What are the prime factors of p?
3, 19
Let x(l) = l**3 - 6*l**2 + 3*l + 5. Let n be x(6). Suppose 3*p + 5 - n = 0. What are the prime factors of 10/3*p/4?
5
Let k = -8 + 10. Let y(o) = 5*o + k*o - 5*o**2 + o**3 - 15 + 10. List the prime factors of y(4).
7
Let w = 2 + -3. List the prime factors of (-24)/9*(-2 + w).
2
Let w = 4 - 8. Let x = w - -6. List the prime factors of x.
2
Suppose 140 = 2*k - 5*h - 122, h = -2. List the prime factors of k.
2, 3, 7
Suppose t - 5*q + 8 = 0, 8 = 3*t + q - 0. Suppose 5*b - t = 43. What are the prime factors of b?
3
Let w = -303 - -478. List the prime factors of w.
5, 7
Suppose -79 = -0*o - 3*o + k, 34 = 2*o + 4*k. List the prime factors of o.
5
Let d(l) be the second derivative of l**5/4 - l**4/12 + l**3/6 - l. Let i be d(1). Suppose 0 = -3*y - n + 12, -5*n - i = y + y. List the prime factors of y.
5
Let l(t) = -6*t**3 + 2*t + 1. List the prime factors of l(-2).
3, 5
Let y = -52 + 76. List the prime factors of y.
2, 3
Let b = 3 - 0. Suppose -10 = -b*c - 1. List the prime factors of c.
3
Let p = 13 + -19. Let j be 3/9 - 388/p. Suppose -2*o - 3 = 3, 5*t = -5*o + j. What are the prime factors of t?
2
Let v be -2 + 0/(-2) + 20. Suppose v - 4 = f. List the prime factors of f.
2, 7
Suppose 53*l - 48*l - 590 = 0. List the prime factors of l.
2, 59
Let d = 5 + -1. Suppose u - d*u = -24. Let i = u + -2. List the prime factors of i.
2, 3
Let g be 4/((-4)/(-5)) + -2. Suppose -3*i - 70 = -4*b - 4*i, g*i - 66 = -4*b. List the prime factors of b.
2, 3
List the prime factors of 14*((-4)/4)/(-1).
2, 7
Suppose -8 = -h + 17. Let w be 2/(10/6 - 1). Suppose -h = -w*g - 2*g. List the prime factors of g.
5
Let l(q) be the first derivative of -q**3/3 + 11*q**2/2 + 9*q + 1. Suppose 3*c - 7*c = -40. What are the prime factors of l(c)?
19
Suppose -4 = w - 1. Let d(a) = -4*a**3 + 3*a**2 - 8. Let s(x) = 5*x**3 - 3*x**2 + x + 9. Let l(r) = w*s(r) - 4*d(r). What are the prime factors of l(4)?
3
Suppose 0 = -a - 3, j - 18 = -5*a. List the prime factors of j.
3, 11
Let b = 8 + -2. Suppose q + 13 = -3*t + b*q, q = 2*t - 3. List the prime factors of t.
2
Let f(j) = -4*j + 18. What are the prime factors of f(-16)?
2, 41
Suppose q - 17 = 3*s, -22 = 3*q - 5*s - 81. What are the prime factors of q?
23
Suppose 4*a - 5*j - 2 = -27, a + j + 13 = 0. Let l be (4/a)/((-1)/5). Suppose l*w - 23 - 1 = 0. What are the prime factors of w?
2, 3
Suppose 6*f - 12 = 2*f. Let v = f + -1. Suppose 2*o - 24 = -3*p, 0 = v*o + p - 32 - 0. What are the prime factors of o?
2, 3
Let z(v) = -v**3 - v**2 - v + 1. Let t(c) = 5*c**3 + 11*c**2 + 10*c - 8. Let m(i) = -t(i) - 6*z(i). List the prime factors of m(6).
2, 7
Let o = 2 + -4. Let m = 3 + o. Suppose -m = -3*c + 8. What are the prime factors of c?
3
Suppose -2*t + 6 = 0, -3*g + 2*t + 801 = -0*g. What are the prime factors of g?
269
Suppose 80 = 3*d + 11. What are the prime factors of d?
23
Let n(o) = o**2 + o + 1. Let b be n(-2). Suppose -k - b*k = -32. What are the prime factors of k?
2
Let n(z) =